{"id":4,"date":"2016-08-31T09:51:53","date_gmt":"2016-08-31T09:51:53","guid":{"rendered":"http:\/\/kancelariaszabelska.pl\/?page_id=4"},"modified":"2022-02-03T20:12:59","modified_gmt":"2022-02-03T20:12:59","slug":"kontakt","status":"publish","type":"page","link":"https:\/\/kancelariaszabelska.pl\/?page_id=4","title":{"rendered":"Kontakt"},"content":{"rendered":"<div id=\"pg-4-0\"  class=\"panel-grid\" ><div class=\"panel-grid-core\"><div id=\"pgc-4-0-0\"  class=\"panel-grid-cell \" ><div class=\"panel-widget-style\" style=\"background: url(&quot;false&quot;) !important; background-position: left top !important; background-repeat: repeat !important; background-size: auto !important; background-attachment: scroll !important;\" ><p style=\"text-align: center;\"><strong>Skuteczny Radca Prawny<\/strong> <br \/><b>Lucyna Szabelska<\/b><\/p><p style=\"text-align: center;\"><b>Siedziba w Warszawie:<\/b><\/p><p style=\"text-align: center;\">Chmielna 34\/16<br \/>(naprzeciwko kina Atlantic) <br \/>00 \u2013 020 Warszawa<\/p><p style=\"text-align: center;\"><b>Adres do korespondencji:<\/b><br \/>ul. Batalion\u00f3w Ch\u0142opskich 79B\/102<br \/>01 \u2013 307 Warszawa<\/p><p style=\"text-align: center;\"><strong>Zadzwo\u0144<\/strong><\/p><p style=\"text-align: center;\">Telefon: <strong>  664-465-607 <\/strong><br \/> Adres e-mail:  <strong>kontakt@kancelariaszabelska.pl<\/strong><\/p><\/div><\/div><div id=\"pgc-4-0-1\"  class=\"panel-grid-cell\" ><div class=\"panel-widget-style\" ><p><strong>Formularz kontaktowy:<\/strong><\/p><p>\n<div class=\"wpcf7 no-js\" id=\"wpcf7-f60-o1\" lang=\"en-US\" dir=\"ltr\" data-wpcf7-id=\"60\">\n<div class=\"screen-reader-response\"><p role=\"status\" aria-live=\"polite\" aria-atomic=\"true\"><\/p> <ul><\/ul><\/div>\n<form action=\"\/index.php?rest_route=%2Fwp%2Fv2%2Fpages%2F4#wpcf7-f60-o1\" method=\"post\" class=\"wpcf7-form init\" aria-label=\"Contact form\" novalidate=\"novalidate\" data-status=\"init\">\n<fieldset class=\"hidden-fields-container\"><input type=\"hidden\" name=\"_wpcf7\" value=\"60\" \/><input type=\"hidden\" name=\"_wpcf7_version\" value=\"6.1\" \/><input type=\"hidden\" name=\"_wpcf7_locale\" value=\"en_US\" \/><input type=\"hidden\" name=\"_wpcf7_unit_tag\" value=\"wpcf7-f60-o1\" \/><input type=\"hidden\" name=\"_wpcf7_container_post\" value=\"0\" \/><input type=\"hidden\" name=\"_wpcf7_posted_data_hash\" value=\"\" \/>\n<\/fieldset>\n<p><label> Imi\u0119 (wymagane)<br \/>\n<span class=\"wpcf7-form-control-wrap\" data-name=\"your-name\"><input size=\"40\" maxlength=\"400\" class=\"wpcf7-form-control wpcf7-text wpcf7-validates-as-required\" aria-required=\"true\" aria-invalid=\"false\" value=\"\" type=\"text\" name=\"your-name\" \/><\/span> <\/label>\n<\/p>\n<p><label> Email (wymagane)<br \/>\n<span class=\"wpcf7-form-control-wrap\" data-name=\"your-email\"><input size=\"40\" maxlength=\"400\" class=\"wpcf7-form-control wpcf7-email wpcf7-validates-as-required wpcf7-text wpcf7-validates-as-email\" aria-required=\"true\" aria-invalid=\"false\" value=\"\" type=\"email\" name=\"your-email\" \/><\/span> <\/label>\n<\/p>\n<p><label> Temat<br \/>\n<span class=\"wpcf7-form-control-wrap\" data-name=\"your-subject\"><input size=\"40\" maxlength=\"400\" class=\"wpcf7-form-control wpcf7-text\" aria-invalid=\"false\" value=\"\" type=\"text\" name=\"your-subject\" \/><\/span> <\/label>\n<\/p>\n<p><label> Wiadomo\u015b\u0107<br \/>\n<span class=\"wpcf7-form-control-wrap\" data-name=\"your-message\"><textarea cols=\"40\" rows=\"10\" maxlength=\"2000\" class=\"wpcf7-form-control wpcf7-textarea\" aria-invalid=\"false\" name=\"your-message\"><\/textarea><\/span> <\/label><br \/>\n<span class=\"wpcf7-form-control-wrap\" data-name=\"checkbox-284\"><span class=\"wpcf7-form-control wpcf7-checkbox wpcf7-validates-as-required\"><span class=\"wpcf7-list-item first last\"><input type=\"checkbox\" name=\"checkbox-284[]\" value=\"Wyra\u017cam zgod\u0119 na przetwarzanie danych osobowych podanych w formularzu. Administratorem podanych przez Pana\/ Pani\u0105 danych osobowych jest Radca Prawny Lucyna Szabelska, ul. Pozna\u0144ska 38\/5 00 \u2013 689 Warszawa.\" \/><span class=\"wpcf7-list-item-label\">Wyra\u017cam zgod\u0119 na przetwarzanie danych osobowych podanych w formularzu. Administratorem podanych przez Pana\/ Pani\u0105 danych osobowych jest Radca Prawny Lucyna Szabelska, ul. Pozna\u0144ska 38\/5 00 \u2013 689 Warszawa.<\/span><\/span><\/span><\/span><br \/>\nPa\u0144stwa dane podane w formularzu b\u0119d\u0105 przetwarzane wy\u0142\u0105cznie w celu udzielenia odpowiedzi na pytanie zawarte w formularzu. Wi\u0119cej informacji mog\u0105 Pa\u0144stwo znale\u017a\u0107 w <a href=\"https:\/\/kancelariaszabelska.pl\/?page_id=62\"> regulaminie <\/a>\n<\/p>\n<p><input class=\"wpcf7-form-control wpcf7-submit has-spinner\" type=\"submit\" value=\"wy\u015blij\" \/>\n<\/p><div class=\"wpcf7-response-output\" aria-hidden=\"true\"><\/div>\n<\/form>\n<\/div>\n<\/p><\/div><\/div><\/div><\/div>","protected":false},"excerpt":{"rendered":"<p>Skuteczny Radca Prawny Lucyna SzabelskaSiedziba w Warszawie:Chmielna 34\/16(naprzeciwko kina Atlantic) 00 \u2013 020 WarszawaAdres do korespondencji:ul. Batalion\u00f3w Ch\u0142opskich 79B\/10201 \u2013 307 WarszawaZadzwo\u0144Telefon: 664-465-607 Adres e-mail: kontakt@kancelariaszabelska.plFormularz kontaktowy: Imi\u0119 (wymagane) Email (wymagane) Temat Wiadomo\u015b\u0107 Wyra\u017cam zgod\u0119 na przetwarzanie danych osobowych podanych w formularzu. Administratorem podanych przez Pana\/ Pani\u0105 danych osobowych jest Radca Prawny Lucyna Szabelska, ul. [&hellip;]<\/p>\n","protected":false},"author":2,"featured_media":0,"parent":0,"menu_order":0,"comment_status":"closed","ping_status":"closed","template":"","meta":{"footnotes":""},"class_list":["post-4","page","type-page","status-publish","hentry"],"_links":{"self":[{"href":"https:\/\/kancelariaszabelska.pl\/index.php?rest_route=\/wp\/v2\/pages\/4","targetHints":{"allow":["GET"]}}],"collection":[{"href":"https:\/\/kancelariaszabelska.pl\/index.php?rest_route=\/wp\/v2\/pages"}],"about":[{"href":"https:\/\/kancelariaszabelska.pl\/index.php?rest_route=\/wp\/v2\/types\/page"}],"author":[{"embeddable":true,"href":"https:\/\/kancelariaszabelska.pl\/index.php?rest_route=\/wp\/v2\/users\/2"}],"replies":[{"embeddable":true,"href":"https:\/\/kancelariaszabelska.pl\/index.php?rest_route=%2Fwp%2Fv2%2Fcomments&post=4"}],"version-history":[{"count":12,"href":"https:\/\/kancelariaszabelska.pl\/index.php?rest_route=\/wp\/v2\/pages\/4\/revisions"}],"predecessor-version":[{"id":130,"href":"https:\/\/kancelariaszabelska.pl\/index.php?rest_route=\/wp\/v2\/pages\/4\/revisions\/130"}],"wp:attachment":[{"href":"https:\/\/kancelariaszabelska.pl\/index.php?rest_route=%2Fwp%2Fv2%2Fmedia&parent=4"}],"curies":[{"name":"wp","href":"https:\/\/api.w.org\/{rel}","templated":true}]}}