{"id":71,"date":"2018-04-04T10:25:27","date_gmt":"2018-04-04T10:25:27","guid":{"rendered":"http:\/\/kancelariaszabelska.pl\/?page_id=71"},"modified":"2018-07-26T07:48:49","modified_gmt":"2018-07-26T07:48:49","slug":"upadlosc-konsumencka","status":"publish","type":"page","link":"https:\/\/kancelariaszabelska.pl\/?page_id=71","title":{"rendered":"Upad\u0142o\u015b\u0107 konsumencka"},"content":{"rendered":"<h3 style=\"text-align: justify;\">Je\u015bli szukasz sprawdzonej kancelarii, kt\u00f3ra specjalizuje si\u0119 w post\u0119powaniu upad\u0142o\u015bciowym \u2013 skontaktuj si\u0119 z nami. Kancelaria Radcy Prawnego Lucyna Szabelska gwarantuje przede wszystkim skuteczn\u0105 i sprawn\u0105 pomoc w zakresie rozwi\u0105zywania wszelkich spraw dotycz\u0105cych post\u0119powania upad\u0142o\u015bciowego.<\/h3>\n<p>&nbsp;<\/p>\n<p style=\"text-align: justify;\">Reprezentujemy Klienta na wszystkich etapach post\u0119powania upad\u0142o\u015bciowego maj\u0105cego na celu odd\u0142u\u017cenie os\u00f3b fizycznych, kt\u00f3rych p\u0142ynno\u015b\u0107 finansowa zosta\u0142a zachwiana. Zakres naszych dzia\u0142a\u0144 obejmuje:<\/p>\n<p>&nbsp;<\/p>\n<ol>\n<li style=\"text-align: justify;\">Profesjonalne doradztwo dot. post\u0119powania upad\u0142o\u015bciowego i skutk\u00f3w prawnych zwi\u0105zanych z ich wszcz\u0119ciem<\/li>\n<li style=\"text-align: justify;\">Sporz\u0105dzenie i z\u0142o\u017cenie wniosk\u00f3w o upad\u0142o\u015b\u0107<\/li>\n<li style=\"text-align: justify;\">Zg\u0142oszenie wierzytelno\u015bci<\/li>\n<li style=\"text-align: justify;\">Przygotowywanie propozycji uk\u0142adowych i ich opiniowanie<\/li>\n<li style=\"text-align: justify;\">Sporz\u0105dzanie wszelkich pism, wniosk\u00f3w dot. post\u0119powania upad\u0142o\u015bciowego i naprawczego<\/li>\n<li style=\"text-align: justify;\">Sta\u0142y kontakt z syndykiem i kontrola jego dzia\u0142a\u0144<\/li>\n<li style=\"text-align: justify;\">Czuwanie nad ca\u0142ym procesem post\u0119powania upad\u0142o\u015bciowego<\/li>\n<\/ol>\n<p style=\"text-align: center;\">***<\/p>\n<h3 style=\"text-align: center;\">Szukasz Kancelarii, kt\u00f3ra b\u0119dzie reprezentowa\u0107 Twoje interesy w<br \/>\npost\u0119powaniu upad\u0142o\u015bciowym?<\/h3>\n<div class=\"gch-center\" style=\"text-align: center;\">\n<p>\t<a class=\"gch-a\" href=\"https:\/\/kancelariaszabelska.pl\/?page_id=4\">Skontaktuj sie z nami!<\/a>\n<\/div>\n<p>&nbsp;<\/p>\n<h2>Czym jest upad\u0142o\u015b\u0107 konsumencka ?<\/h2>\n<p>Upad\u0142o\u015b\u0107 konsumencka\u00a0to jeden z rodzaj\u00f3w upad\u0142o\u015bci dotycz\u0105cy os\u00f3b fizycznych\u00a0nieprowadz\u0105cych dzia\u0142alno\u015bci gospodarczej\u00a0uregulowany zgodnie z ustaw\u0105 z dnia 28 lutego 2003 roku &#8211; Prawo upad\u0142o\u015bciowe (Dz. U. z 2017 r., poz. 2344).<\/p>\n<p>Upad\u0142o\u015b\u0107 ma na celu odd\u0142u\u017cenie os\u00f3b fizycznych, kt\u00f3re sta\u0142y si\u0119 niewyp\u0142acalne i nie mog\u0105 sprosta\u0107 swoim zobowi\u0105zaniom pieni\u0119\u017cnym wobec wierzycieli.<\/p>\n<h2>Kto mo\u017ce og\u0142osi\u0107 upad\u0142o\u015b\u0107 konsumenck\u0105?<\/h2>\n<p>Upad\u0142o\u015b\u0107 konsumenck\u0105 mo\u017ce og\u0142osi\u0107\u00a0d\u0142u\u017cnik b\u0119d\u0105cy osob\u0105 fizyczn\u0105, kt\u00f3ry sta\u0142 si\u0119 niewyp\u0142acalny i niezdolny do sp\u0142aty ci\u0105\u017c\u0105cych na nim zobowi\u0105za\u0144 finansowych.<\/p>\n<p>W tym miejscu wymaga wskazanie, co trafnie zosta\u0142o podkre\u015blone w postanowieniu S\u0105du Rejonowego Szczecin \u2013 Centrum w Szczecinie z dnia 9 stycznia 2016 r:<\/p>\n<p><em>G\u0142\u00f3wnym celem ustawodawcy jest odd\u0142u\u017cenie os\u00f3b, kt\u00f3re wskutek niezale\u017cnych od nich zdarze\u0144 utraci\u0142y p\u0142ynno\u015b\u0107 finansow\u0105, nie doprowadzi\u0142y do pog\u0142\u0119bienia swojej niewyp\u0142acalno\u015bci.\u00a0Odd\u0142u\u017ceniowa funkcja upad\u0142o\u015bci konsumenckiej oznacza jednocze\u015bnie, \u017ce prze\u0142amana jest zasada zbiorowego charakteru post\u0119powania upad\u0142o\u015bciowego. Regulacja art. 491 2 \u00a0ust. 2 wyra\u017anie wskazuje na mo\u017cliwo\u015b\u0107 og\u0142oszenia upad\u0142o\u015bci i prowadzenia post\u0119powania w sytuacji, gdy konsument ma jednego tylko wierzyciela. Znajduje to sw\u00f3j wyraz w art. 1 ust. 1 pkt 2, kt\u00f3ry nie stanowi o zasadach dochodzenia roszcze\u0144 \u2013 bez zwrotu \u201ewsp\u00f3lnych\u201d, kt\u00f3ry jest charakterystyczny dla og\u00f3lnego post\u0119powania upad\u0142o\u015bciowego ukierunkowanego na przedsi\u0119biorc\u00f3w.<\/em><\/p>\n<h2>Przes\u0142anki pozytywne og\u0142oszenia upad\u0142o\u015bci<\/h2>\n<p>Przes\u0142anka pozytywna og\u0142oszenia upad\u0142o\u015bci\u00a0konsumenckiej dotyczy os\u00f3b fizycznych (art. 491 1 p.u.) oraz sytuacji, w kt\u00f3rej d\u0142u\u017cnik sta\u0142 si\u0119 niewyp\u0142acalny i kiedy niewyp\u0142acalno\u015b\u0107 d\u0142u\u017cnika polega na utracie zdolno\u015bci do wykonywania swoich wymagalnych zobowi\u0105za\u0144 pieni\u0119\u017cnych (art. 11 ust. 1 p.u.) &#8211; por. art. 491 2 ust. 1\u00a0in principio\u00a0p.u.<\/p>\n<h2>Przes\u0142anki negatywne og\u0142oszenia upad\u0142o\u015bci<\/h2>\n<p>Przes\u0142anki negatywne og\u0142oszenia upad\u0142o\u015bci konsumenckiej\u00a0(vide art. 491 4 p. u.) dotycz\u0105 sytuacji, w kt\u00f3rych:<\/p>\n<p>&nbsp;<\/p>\n<ul>\n<li>d\u0142u\u017cnik\u00a0doprowadzi\u0142\u00a0do swojej niewyp\u0142acalno\u015bci lub\u00a0istotnie zwi\u0119kszy\u0142 jej stopie\u0144 umy\u015blnie\u00a0lub\u00a0wskutek ra\u017c\u0105cego niedbalstwa;<\/li>\n<li>w okresie 10 lat przed dniem zg\u0142oszenia wniosku w stosunku do d\u0142u\u017cnika prowadzono post\u0119powanie upad\u0142o\u015bciowe w sytuacja umorzenia post\u0119powania z innych przyczyn ni\u017c wniosek d\u0142u\u017cnika,\u00a0chyba \u017ce przeprowadzenie post\u0119powania jest uzasadnione wzgl\u0119dami s\u0142uszno\u015bci lub wzgl\u0119dami humanitarnymi;<\/li>\n<li>plan sp\u0142aty wierzycieli ustalony dla d\u0142u\u017cnika uchylono na podstawie art. 491 20 p.u.\u00a0chyba, \u017ce przeprowadzenie post\u0119powania jest uzasadnione wzgl\u0119dami s\u0142uszno\u015bci lub wzgl\u0119dami humanitarnym;<\/li>\n<li>d\u0142u\u017cnik nie z\u0142o\u017cy\u0142 w terminie wniosku o og\u0142oszenie upad\u0142o\u015bci (je\u017celi mia\u0142 taki obowi\u0105zek), chyba \u017ce przeprowadzenie post\u0119powania jest uzasadnione wzgl\u0119dami s\u0142uszno\u015bci lub wzgl\u0119dami humanitarnym;<\/li>\n<li>d\u0142u\u017cnik dzia\u0142a\u0142 z pokrzywdzeniem wierzycieli, chyba \u017ce przeprowadzenie post\u0119powania jest uzasadnione wzgl\u0119dami s\u0142uszno\u015bci lub wzgl\u0119dami humanitarnym;<\/li>\n<li>w okresie 10 lat przed dniem zg\u0142oszenia wniosku w stosunku do d\u0142u\u017cnika prowadzono post\u0119powanie upad\u0142o\u015bciowe, w kt\u00f3rym umorzono ca\u0142o\u015b\u0107 lub cz\u0119\u015b\u0107 jego zobowi\u0105za\u0144, chyba \u017ce do niewyp\u0142acalno\u015bci d\u0142u\u017cnika lub zwi\u0119kszenia jej stopnia dosz\u0142o pomimo dochowania przez d\u0142u\u017cnika nale\u017cytej staranno\u015bci lub przeprowadzenie post\u0119powania jest uzasadnione wzgl\u0119dami s\u0142uszno\u015bci lub wzgl\u0119dami humanitarnymi (przes\u0142anka pozytywna);<\/li>\n<li>kiedy dane podane przez d\u0142u\u017cnika we wniosku s\u0105 niezgodne z prawd\u0105 lub niezupe\u0142ne, chyba \u017ce niezgodno\u015b\u0107 lub niezupe\u0142no\u015b\u0107 nie s\u0105 istotne lub przeprowadzenie post\u0119powania jest uzasadnione wzgl\u0119dami s\u0142uszno\u015bci lub wzgl\u0119dami humanitarnymi. W tym przypadku zasady s\u0142uszno\u015bci i humanitaryzmu s\u0105 \u2013 przes\u0142ank\u0105 pozytywn\u0105.\u00a0Zatem wniosek powinien by\u0107 dok\u0142adnie i prawid\u0142owo wype\u0142niony.<\/li>\n<\/ul>\n<p>W przypadku oceny winy umy\u015blnej i ra\u017c\u0105cego niedbalstwa w pi\u015bmiennictwie wskazuje si\u0119, \u017ce:<\/p>\n<p><em>doprowadzenie do niewyp\u0142acalno\u015bci albo zwi\u0119kszenie jej stopnia powinno mie\u0107 charakter\u00a0zawiniony, aby zaistnia\u0142a podstawa do oddalenia wniosku o og\u0142oszenie upad\u0142o\u015bci. Jednocze\u015bnie stopniuje poj\u0119cie winy: chodzi tu o\u00a0\u201cwin\u0119 umy\u015bln\u0105\u201d i \u201cra\u017c\u0105ce niedbalstwo\u201d. Doprowadzenie do niewyp\u0142acalno\u015bci lub zwi\u0119kszenie stopnia niewyp\u0142acalno\u015bci d\u0142u\u017cnika w spos\u00f3b zawiniony, ale z ni\u017cszym stopniem winy, np. zwyk\u0142ym niedbalstwem czy w spos\u00f3b niezawiniony, nie powinno sta\u0107 na przeszkodzie og\u0142oszeniu upad\u0142o\u015bci konsumenckiej.\u00a0W konsekwencji, je\u017celi dojdzie do doprowadzenia do niewyp\u0142acalno\u015bci na skutek\u00a0lekkomy\u015blno\u015bci lub zwyk\u0142ego niedbalstwa\u00a0(powodowanego raczej nieroztropno\u015bci\u0105 lub nawet podj\u0119ciem pewnego ryzyka ni\u017c ra\u017c\u0105cym brakiem zrozumienia konsekwencji ekonomicznych swojego dzia\u0142ania), s\u0105d upad\u0142o\u015bciowy mo\u017ce og\u0142osi\u0107 upad\u0142o\u015b\u0107 konsumenck\u0105.\u00a0Nie b\u0119dzie stanowi\u0107 podstawy do oddalenia wniosku o og\u0142oszenie upad\u0142o\u015bci sytuacja, w kt\u00f3rej d\u0142u\u017cnikowi mo\u017cna przypisa\u0107 jedynie lekkomy\u015blno\u015b\u0107 lub zwyk\u0142e niedbalstwo, a tak\u017ce w przypadku gdy niewyp\u0142acalno\u015b\u0107 by\u0142a skutkiem podj\u0119cia przez niego racjonalnie dopuszczalnego ryzyka gospodarczego, np. inwestycji w narz\u0119dzia pracy czy edukacj\u0119 w nadziei na lepsze stanowisko.<\/em><\/p>\n<h2>Procedura dotycz\u0105ca z\u0142o\u017cenia wniosku o og\u0142oszenie upad\u0142o\u015bci<\/h2>\n<p>Post\u0119powania w przedmiocie og\u0142oszenia upad\u0142o\u015bci konsumenckiej rozpoznaj\u0105 wydzia\u0142y gospodarcze s\u0105d\u00f3w rejonowych.<\/p>\n<p>Uwzgl\u0119dniaj\u0105c wniosek d\u0142u\u017cnika o og\u0142oszenie upad\u0142o\u015bci konsumenckiej, s\u0105d wydaje postanowienie o og\u0142oszeniu upad\u0142o\u015bci i m.in. wyznacza s\u0119dziego \u2013 komisarza oraz syndyka\u00a0(vide art. 491 5 pkt 5 p.u.) :<\/p>\n<p><em>W post\u0119powaniu upad\u0142o\u015bciowym konsumenckim zastosowanie b\u0119dzie mia\u0142 tak\u017ce\u00a0art. 51 ust. 2\u00a0pr. up.\u00a0<\/em><em>stanowi\u0105cy, \u017ce postanowienie o og\u0142oszeniu upad\u0142o\u015bci jest skuteczne i wykonalne z dniem jego\u00a0<\/em><em>wydania, chyba \u017ce przepis szczeg\u00f3lny stanowi inaczej. Zatem w post\u0119powaniu upad\u0142o\u015bciowym\u00a0<\/em><em>konsumenckim wszystkie skutki zwi\u0105zane z og\u0142oszon\u0105 upad\u0142o\u015bci\u0105 powstaj\u0105 z dniem wydania\u00a0<\/em><em>postanowienia o og\u0142oszeniu upad\u0142o\u015bci, a nie z dniem uprawomocnienia si\u0119 tego postanowienia.<\/em><\/p>\n<p>Po og\u0142oszeniu upad\u0142o\u015bci syndyk zwraca si\u0119 do naczelnika urz\u0119du skarbowego z wnioskiem o udzielenie informacji dot. upad\u0142ego (w celu oceny jego sytuacji maj\u0105tkowej), czy by\u0142 po jego stronie obowi\u0105zek podatkowy w okresie 5 lat przed dniem zg\u0142oszenia wniosku o og\u0142oszenie upad\u0142o\u015bci oraz zasi\u0119ga informacji w KRS, czy upad\u0142y jest wsp\u00f3lnikiem sp. handlowych jak r\u00f3wnie\u017c, czy w okresie 10 lat przed dniem zg\u0142oszenia wniosku o og\u0142oszenie upad\u0142o\u015bci sprawowa\u0142 funkcj\u0119 cz\u0142onka organu sp. handlowych i czy w stosunku do tych sp\u00f3\u0142ek og\u0142oszono upad\u0142o\u015b\u0107 (vide art. 491 8 ust. 1 p.u.).<\/p>\n<p>Po ustaleniu masy upad\u0142o\u015bci tj. maj\u0105tku upad\u0142ego (vide art. 61 p.u.) ustala si\u0119 plan sp\u0142aty wierzycieli (plan ten ma uwzgl\u0119dnia\u0107\u00a0realne mo\u017cliwo\u015bci zarobkowe upad\u0142ego, konieczno\u015b\u0107 jego utrzymania i os\u00f3b pozostaj\u0105cych na jego utrzymaniu, w tym ich potrzeby mieszkaniowe). Je\u017celi upad\u0142y nie ma maj\u0105tku i nie sporz\u0105dzono planu sp\u0142aty, po zatwierdzeniu listy wierzytelno\u015bci i po wys\u0142uchaniu<br \/>\nupad\u0142ego, syndyka i wierzycieli s\u0105d ustala plan sp\u0142aty wierzycieli albo umarza zobowi\u0105zanie upad\u0142ego bez ustalania planu sp\u0142aty wierzycieli, je\u017celi osobista sytuacja upad\u0142ego w spos\u00f3b oczywisty wskazuje, \u017ce nie b\u0119dzie on zdolny do sp\u0142aty w ramach planu sp\u0142aty wierzycieli (vide art. 491 14 ust. 1 p.u. w zw. z art. 491 16 ust. 1 p.u.).<\/p>\n<p>W okresie wykonywania planu sp\u0142aty wierzycieli upad\u0142y nie mo\u017ce dokonywa\u0107 czynno\u015bci prawnych dot. jego maj\u0105tku, chyba \u017ce s\u0105d na wniosek upad\u0142ego wyrazi na to zgod\u0119.\u00a0Upad\u0142y ma obowi\u0105zek corocznie (do ko\u0144ca kwietnia) sk\u0142ada\u0107 s\u0105dowi sprawozdanie z wykonania planu sp\u0142aty wierzycieli za poprzedni rok kalendarzowy, w kt\u00f3rym wykazuje osi\u0105gni\u0119te przychody, sp\u0142acone kwoty oraz nabyte sk\u0142adniki maj\u0105tkowe o warto\u015bci powy\u017cej przeci\u0119tnego miesi\u0119cznego wynagrodzenia (vide art. 491 18 p.u.). S\u0105d na wniosek upad\u0142ego mo\u017ce zmieni\u0107 plan sp\u0142aty wierzycieli je\u017celi upad\u0142y nie jest w stanie wywi\u0105za\u0107 si\u0119 z obowi\u0105zk\u00f3w tego planu (art. 491 19 p.u.).<\/p>\n<h2>Czy mo\u017cna og\u0142osi\u0107 upad\u0142o\u015b\u0107 os\u00f3b, kt\u00f3re prowadzi\u0142y dzia\u0142alno\u015b\u0107 gospodarcz\u0105 lub by\u0142y<br \/>\ncz\u0142onkami sp\u00f3\u0142ek prawa handlowego?<\/h2>\n<p>&nbsp;<\/p>\n<p>Mo\u017cna\u00a0og\u0142osi\u0107 upad\u0142o\u015b\u0107 konsumenck\u0105 os\u00f3b fizycznych, kt\u00f3re jeszcze prowadz\u0105 dzia\u0142alno\u015b\u0107 gospodarcz\u0105 oraz os\u00f3b fizycznych, kt\u00f3re prowadzi\u0142y dzia\u0142alno\u015b\u0107 gospodarcz\u0105. W ramach upad\u0142o\u015bci konsumenckiej mo\u017cna zatem wskaza\u0107 na trzy teoretycznie mo\u017cliwe modele, wyr\u00f3\u017cnione z uwagi na rodzaj zobowi\u0105za\u0144 obj\u0119tych post\u0119powaniem upad\u0142o\u015bciowym:<\/p>\n<ol>\n<li>d\u0142u\u017cnika (osob\u0119 fizyczn\u0105), kt\u00f3ry posiada zobowi\u0105zania wy\u0142\u0105cznie zwi\u0105zane z prowadzeniem dzia\u0142alno\u015bci gospodarczej lub zawodowej;<\/li>\n<li>d\u0142u\u017cnika (osob\u0119 fizyczn\u0105), kt\u00f3ry posiada zobowi\u0105zania zwi\u0105zane z prowadzeniem dzia\u0142alno\u015bci gospodarczej lub zawodowej i jednocze\u015bnie zobowi\u0105zania z tzw. sfery prywatnej;<\/li>\n<li>d\u0142u\u017cnika (osob\u0119 fizyczn\u0105), kt\u00f3ry posiada jedynie zobowi\u0105zania z tzw. sfery prywatnej. Ten model jest najbardziej typowy dla upad\u0142o\u015bci konsumenckiej.<\/li>\n<\/ol>\n<h2>Czy po odd\u0142u\u017ceniu trzeba nadal sp\u0142aca\u0107 wierzycieli?<\/h2>\n<p>Nie, nie trzeba. Konsumenckie post\u0119powanie upad\u0142o\u015bciowe ko\u0144czy si\u0119 z\u00a0chwil\u0105 wydania przez s\u0105d postanowienia o\u00a0umorzeniu zobowi\u0105za\u0144 d\u0142u\u017cnika niezaspokojonych w\u00a0toku post\u0119powania upad\u0142o\u015bciowego. Nie istnieje zagro\u017cenie dla osoby upad\u0142ej ze strony wierzycieli obj\u0119tych post\u0119powaniem upad\u0142o\u015bciowym. Wszystkie umorzone w\u00a0upad\u0142o\u015bci konsumenckiej zobowi\u0105zania przesta\u0142y istnie\u0107, a\u00a0wi\u0119c ich wierzyciel nie ma skutecznego dochodzenia ich przed s\u0105dem jak i\u00a0egzekwowania w\u00a0post\u0119powaniu egzekucyjnym.<\/p>\n<h2>Czy upad\u0142y b\u0119dzie m\u00f3g\u0142 po zako\u0144czeniu post\u0119powania nabywa\u0107 nieruchomo\u015bci i<br \/>\nruchomo\u015bci?<\/h2>\n<p>Tak, bez zagro\u017cenia osoba upad\u0142a b\u0119dzie mog\u0142a nabywa\u0107 prawa maj\u0105tkowe, a\u00a0w szczeg\u00f3lno\u015bci nieruchomo\u015bci i\u00a0ruchomo\u015bci.<\/p>\n<h2>Czy mog\u0119 zawrze\u0107 zwi\u0105zek ma\u0142\u017ce\u0144ski po odd\u0142u\u017ceniu?<\/h2>\n<p>Tak, nie wyst\u0119puje \u017cadne ryzyko zwi\u0105zane z\u00a0zobowi\u0105zaniami, kt\u00f3re zosta\u0142y umorzone w\u00a0upad\u0142o\u015bci konsumenckiej, niezale\u017cnie od ustroju maj\u0105tkowego.<\/p>\n<h2>Co si\u0119 stanie je\u017celi otrzymam darowizn\u0119 lub spadek?<\/h2>\n<p>Umorzenie zobowi\u0105za\u0144 w\u00a0upad\u0142o\u015bci konsumenckiej skutkuje brakiem mo\u017cliwo\u015bci ich dochodzenia w\u00a0drodze s\u0105dowej jak i\u00a0egzekucji komorniczej.\u00a0Zatem prawa maj\u0105tkowe nabyte po odd\u0142u\u017ceniu nale\u017c\u0105 wy\u0142\u0105cznie do Upad\u0142ego.<\/p>\n","protected":false},"excerpt":{"rendered":"<p>Je\u015bli szukasz sprawdzonej kancelarii, kt\u00f3ra specjalizuje si\u0119 w post\u0119powaniu upad\u0142o\u015bciowym \u2013 skontaktuj si\u0119 z nami. Kancelaria Radcy Prawnego Lucyna Szabelska gwarantuje przede wszystkim skuteczn\u0105 i sprawn\u0105 pomoc w zakresie rozwi\u0105zywania wszelkich spraw dotycz\u0105cych post\u0119powania upad\u0142o\u015bciowego. &nbsp; Reprezentujemy Klienta na wszystkich etapach post\u0119powania upad\u0142o\u015bciowego maj\u0105cego na celu odd\u0142u\u017cenie os\u00f3b fizycznych, kt\u00f3rych p\u0142ynno\u015b\u0107 finansowa zosta\u0142a zachwiana. Zakres [&hellip;]<\/p>\n","protected":false},"author":2,"featured_media":0,"parent":0,"menu_order":0,"comment_status":"closed","ping_status":"closed","template":"","meta":{"footnotes":""},"categories":[],"tags":[],"class_list":["post-71","page","type-page","status-publish","hentry"],"_links":{"self":[{"href":"https:\/\/kancelariaszabelska.pl\/index.php?rest_route=\/wp\/v2\/pages\/71","targetHints":{"allow":["GET"]}}],"collection":[{"href":"https:\/\/kancelariaszabelska.pl\/index.php?rest_route=\/wp\/v2\/pages"}],"about":[{"href":"https:\/\/kancelariaszabelska.pl\/index.php?rest_route=\/wp\/v2\/types\/page"}],"author":[{"embeddable":true,"href":"https:\/\/kancelariaszabelska.pl\/index.php?rest_route=\/wp\/v2\/users\/2"}],"replies":[{"embeddable":true,"href":"https:\/\/kancelariaszabelska.pl\/index.php?rest_route=%2Fwp%2Fv2%2Fcomments&post=71"}],"version-history":[{"count":36,"href":"https:\/\/kancelariaszabelska.pl\/index.php?rest_route=\/wp\/v2\/pages\/71\/revisions"}],"predecessor-version":[{"id":114,"href":"https:\/\/kancelariaszabelska.pl\/index.php?rest_route=\/wp\/v2\/pages\/71\/revisions\/114"}],"wp:attachment":[{"href":"https:\/\/kancelariaszabelska.pl\/index.php?rest_route=%2Fwp%2Fv2%2Fmedia&parent=71"}],"wp:term":[{"taxonomy":"category","embeddable":true,"href":"https:\/\/kancelariaszabelska.pl\/index.php?rest_route=%2Fwp%2Fv2%2Fcategories&post=71"},{"taxonomy":"post_tag","embeddable":true,"href":"https:\/\/kancelariaszabelska.pl\/index.php?rest_route=%2Fwp%2Fv2%2Ftags&post=71"}],"curies":[{"name":"wp","href":"https:\/\/api.w.org\/{rel}","templated":true}]}}